{"id":6,"date":"2020-10-25T22:33:54","date_gmt":"2020-10-25T21:33:54","guid":{"rendered":"http:\/\/xn--beerdigung-schrder-r3b.de\/wordpress\/?page_id=6"},"modified":"2020-10-26T07:14:56","modified_gmt":"2020-10-26T06:14:56","slug":"das-neue-museum-oeffnet-seine-tueren-2","status":"publish","type":"page","link":"https:\/\/xn--beerdigung-schrder-r3b.de\/wordpress\/","title":{"rendered":"Herzlich Willkommen"},"content":{"rendered":"\r\n<figure class=\"wp-block-image alignfull size-large is-style-default\"><img loading=\"lazy\" decoding=\"async\" width=\"700\" height=\"525\" class=\"wp-image-33\" src=\"http:\/\/xn--beerdigung-schrder-r3b.de\/wordpress\/wp-content\/uploads\/2020\/10\/Koffer.jpg\" alt=\"\" srcset=\"https:\/\/xn--beerdigung-schrder-r3b.de\/wordpress\/wp-content\/uploads\/2020\/10\/Koffer.jpg 700w, https:\/\/xn--beerdigung-schrder-r3b.de\/wordpress\/wp-content\/uploads\/2020\/10\/Koffer-300x225.jpg 300w\" sizes=\"auto, (max-width: 700px) 100vw, 700px\" \/><\/figure>\r\n\r\n\r\n\r\n<div class=\"wp-block-group alignwide\">\r\n<div class=\"wp-block-group__inner-container is-layout-flow wp-block-group-is-layout-flow\">\r\n<blockquote>\r\n<h2 class=\"has-text-align-center has-accent-color has-text-color wp-block-heading\">\u00bbDer Tod eines Menschen kommt oft \u00fcberraschend. Und so ungern wir dar\u00fcber nachdenken und reden, er geh\u00f6rt zum Leben dazu.\u00ab<\/h2>\r\n<p>&nbsp;<\/p>\r\n<\/blockquote>\r\n<\/div>\r\n<\/div>\r\n\r\n\r\n\r\n<p class=\"has-drop-cap\">Wir, das Bestattungshaus Schr\u00f6der-Hemsteg, helfen Ihnen mit Verst\u00e4ndnis und Mitgef\u00fchl in einer der schwierigsten Situationen. Aufgrund unserer Erfahrungen wissen wir um die Bed\u00fcrfnisse der Menschen und was im Trauerfall zu tun ist. Gerne unterst\u00fctzen wir Sie sensibel und kompetent bei s\u00e4mtlichen anstehenden Entscheidungen.<\/p>\r\n\r\n\r\n\r\n<p>Sie w\u00fcnschen sich, den letzten Abschied in Ihrem Leben selbst zu gestalten? Wir beraten Sie gerne in einem pers\u00f6nlichen Gespr\u00e4ch \u00fcber die M\u00f6glichkeiten der Bestattungsvorsorge. Hiermit entlasten Sie Ihre Angeh\u00f6rigen und geben ihnen Raum f\u00fcr ihre Trauer. Zudem erh\u00e4lt Ihr Leben einen w\u00fcrdigen Abschluss, genauso wie Sie ihn sich w\u00fcnschen.<\/p>\r\n\r\n\r\n\r\n<p>Im Trauerfall stehen wir Ihnen Tag und Nacht zur Seite.<\/p>\r\n\r\n\r\n\r\n<div class=\"wp-block-group alignwide has-background\" style=\"background-color: #ffffff;\">\r\n<div class=\"wp-block-group__inner-container is-layout-flow wp-block-group-is-layout-flow\">\r\n<figure class=\"wp-block-image size-large is-resized\"><img loading=\"lazy\" decoding=\"async\" class=\"wp-image-50\" src=\"http:\/\/xn--beerdigung-schrder-r3b.de\/wordpress\/wp-content\/uploads\/2020\/10\/vggs.jpg\" alt=\"\" width=\"231\" height=\"157\" srcset=\"https:\/\/xn--beerdigung-schrder-r3b.de\/wordpress\/wp-content\/uploads\/2020\/10\/vggs.jpg 323w, https:\/\/xn--beerdigung-schrder-r3b.de\/wordpress\/wp-content\/uploads\/2020\/10\/vggs-300x204.jpg 300w\" sizes=\"auto, (max-width: 231px) 100vw, 231px\" \/><\/figure>\r\n<\/div>\r\n<\/div>\r\n\r\n\r\n\r\n<p>&nbsp;<\/p>\r\n","protected":false},"excerpt":{"rendered":"<p>\u00bbDer Tod eines Menschen kommt oft \u00fcberraschend. Und so ungern wir dar\u00fcber nachdenken und reden, er geh\u00f6rt zum Leben dazu.\u00ab &nbsp; Wir, das Bestattungshaus Schr\u00f6der-Hemsteg, helfen Ihnen mit Verst\u00e4ndnis und Mitgef\u00fchl in einer der schwierigsten Situationen. Aufgrund unserer Erfahrungen wissen wir um die Bed\u00fcrfnisse der Menschen und was im Trauerfall zu tun ist. Gerne unterst\u00fctzen &hellip; <\/p>\n<p class=\"link-more\"><a href=\"https:\/\/xn--beerdigung-schrder-r3b.de\/wordpress\/\" class=\"more-link\"><span class=\"screen-reader-text\">\u201eHerzlich Willkommen\u201c <\/span>weiterlesen<\/a><\/p>\n","protected":false},"author":1,"featured_media":0,"parent":0,"menu_order":0,"comment_status":"closed","ping_status":"closed","template":"","meta":{"footnotes":""},"class_list":["post-6","page","type-page","status-publish","hentry"],"jetpack_sharing_enabled":true,"_links":{"self":[{"href":"https:\/\/xn--beerdigung-schrder-r3b.de\/wordpress\/wp-json\/wp\/v2\/pages\/6","targetHints":{"allow":["GET"]}}],"collection":[{"href":"https:\/\/xn--beerdigung-schrder-r3b.de\/wordpress\/wp-json\/wp\/v2\/pages"}],"about":[{"href":"https:\/\/xn--beerdigung-schrder-r3b.de\/wordpress\/wp-json\/wp\/v2\/types\/page"}],"author":[{"embeddable":true,"href":"https:\/\/xn--beerdigung-schrder-r3b.de\/wordpress\/wp-json\/wp\/v2\/users\/1"}],"replies":[{"embeddable":true,"href":"https:\/\/xn--beerdigung-schrder-r3b.de\/wordpress\/wp-json\/wp\/v2\/comments?post=6"}],"version-history":[{"count":8,"href":"https:\/\/xn--beerdigung-schrder-r3b.de\/wordpress\/wp-json\/wp\/v2\/pages\/6\/revisions"}],"predecessor-version":[{"id":99,"href":"https:\/\/xn--beerdigung-schrder-r3b.de\/wordpress\/wp-json\/wp\/v2\/pages\/6\/revisions\/99"}],"wp:attachment":[{"href":"https:\/\/xn--beerdigung-schrder-r3b.de\/wordpress\/wp-json\/wp\/v2\/media?parent=6"}],"curies":[{"name":"wp","href":"https:\/\/api.w.org\/{rel}","templated":true}]}}